est common divisor of r and 4.
4
Suppose 5*p + 59 = -4*x + 594, p + 647 = 5*x. Calculate the highest common divisor of x and 170.
10
Suppose 3*j - 114 = -2*l + 22, -327 = -5*l - j. Suppose 300 = 2*m - 7*m. Let o = -34 - m. What is the highest common divisor of l and o?
13
Suppose 4*d - 276 = 4*y, -2*d + 4*d - 3*y - 133 = 0. Calculate the greatest common divisor of d and 333.
37
Let v = -6 - -18. Suppose 15 = 2*j + 2*j + 3*s, -v = -3*j - 2*s. What is the greatest common factor of 24 and j?
6
Let v(b) = -b**2 - 43*b + 254. Let h be v(-44). Calculate the greatest common factor of 1155 and h.
105
Suppose -f + 4*v + v = -25, 0 = -3*f + 3*v + 15. Suppose -4*z + 2*z + 70 = f. Suppose 5*u + 16 = 41. Calculate the greatest common divisor of u and z.
5
Let r be (3 + 5)*(-6)/(-16). Let b be ((-14)/r)/(50/(-15) - -3). What is the highest common divisor of 7 and b?
7
Let a = -54 - -59. Suppose 0 = -a*l - 2*y + 123, 2*l - 4*y - 79 = -l. Calculate the highest common divisor of l and 75.
25
Suppose -2*h + 284 = -3*m, -15*m + 588 = 4*h - 16*m. Calculate the highest common factor of 777 and h.
37
Let q = -17 - -21. Suppose -q*z - 32 = -4*x, 0*x + 5*z + 16 = x. What is the greatest common factor of x and 18?
6
Let f = 9 + -11. Let m be f/(-11) + (-185)/(-11). What is the greatest common divisor of m and 17?
17
Suppose -992 = 11*v - 3*v. Let b = v - -128. What is the highest common factor of 10 and b?
2
Suppose 28 = 6*p + 10. Suppose 4*i + 8*f - 240 = 13*f, -300 = -5*i + p*f. What is the highest common factor of i and 150?
30
Let c = -4 - -8. Suppose -4*m + 26 = 5*d, m - 3*d + 2 = -0*m. Let f = c + m. Calculate the highest common factor of f and 4.
4
Let p(s) = 2*s - 4. Let q be p(3). Suppose q*l + 5 = 7*l. What is the highest common factor of l and 4?
1
Let c = 9 - 12. Let r be (2 + 0/c)*-4. Let x = r - -12. Calculate the greatest common divisor of 36 and x.
4
Let r(w) = -21*w**2 + 213*w - 2. Let o be r(10). What is the highest common divisor of 21 and o?
7
Let b = 2108 - 2048. Let o be (-24)/(-1)*(-9)/(-6). Calculate the highest common divisor of b and o.
12
Suppose z - 2*t + 7 = 0, z - 4*t = -9*t + 28. What is the highest common divisor of 3 and z?
3
Suppose 0 = -s - 9. Let i be -6*6/s*1. Suppose 2*m - 32 = -2*c, -i*m - c + 18 = -40. What is the highest common divisor of m and 126?
14
Let m(a) = -a**2 - 17*a - 16. Let s be m(-16). Suppose s*l = -2*l + 34. What is the highest common factor of 136 and l?
17
Let b = 2 - 7. Let i be 3 + (-2 - (b + 3)). Let n = -4 - -16. What is the greatest common divisor of i and n?
3
Let p be -5 + 0 + 40 + -8. Suppose -3*u + 0*u = -9. What is the greatest common divisor of u and p?
3
Suppose 4*d - d + 6 = 0, -n = 3*d. Let k be ((-196)/6)/(n/(-9)). Let t = 101 - k. What is the highest common divisor of t and 78?
26
Suppose -4*d - 3*z + 5400 = -0*z, -12 = 3*z. Calculate the highest common divisor of d and 246.
123
Let f = 55 - 39. Let z be 218*(3/(-6) + 1). Let a = -13 + z. Calculate the greatest common divisor of a and f.
16
Let i be (-23)/(0 + 1/(-3)). Suppose -2*w = -4*m + 48, 0 = -w + 3*m - 29 - 0. Let g = 32 - w. What is the greatest common divisor of g and i?
23
Let v be 10/(-20) - (-22)/(-4). Let q be (7 + v)/(((-2)/204)/(-1)). Suppose 4*w = -0*w - 20, w = 2*o - 39. What is the highest common factor of o and q?
17
Let k = -16 - -36. Let q be 2 + 0 + (-9 - k). Let u = q + 41. What is the highest common divisor of u and 14?
14
Let j = 57 - 29. Let h(a) = a**2 - 6*a + 4. Let l = -1 - -7. Let u be h(l). Calculate the greatest common factor of j and u.
4
Let t be 1/(1/26*2). Suppose 59 + t = 2*i. Calculate the highest common divisor of i and 9.
9
Let o = 10 - 2. Let z(y) = -y**3 - 13*y**2 - 15*y + 28. Let t be z(-12). What is the highest common divisor of o and t?
8
Let k be 8 - (16/4)/(-1). Suppose k + 39 = h. What is the greatest common divisor of h and 34?
17
Let q = -67 + 159. Suppose 2*y - q = -4*v, -2*y + 0*y + 114 = 5*v. Calculate the greatest common divisor of v and 66.
22
Let c = -139 + 118. Let d be (-69)/21 + 3 + (-1623)/c. What is the highest common factor of d and 7?
7
Let c be (-532)/(-2)*(18 - 11)/7. Calculate the greatest common divisor of 114 and c.
38
Let k = -17 - -38. What is the highest common factor of k and 9?
3
Let h be (-3 - 66)*(-2)/6. Suppose a - 104 = -h. What is the highest common factor of a and 27?
27
Suppose 9*s + 312 = 15*s. What is the greatest common factor of s and 182?
26
Let o be 4 + 8 + -7 - -1. What is the greatest common divisor of o and 21?
3
Let k(r) = 44*r**3 - r**2 - 4*r - 4. Let p be k(-1). Let y be ((-792)/p)/(1/15). What is the greatest common factor of y and 24?
24
Let i(b) = 383*b**2 - 1. Let t be i(-1). Suppose 5*u + t = 4*x, 0*x + 2*u + 486 = 5*x. Calculate the greatest common factor of 14 and x.
14
Let j(r) = r**3 + 20*r**2 - 100*r - 12. Let d be j(-24). What is the greatest common factor of 532 and d?
28
Let g = -2 - -3. Let x be (2 - (-52)/2)/g. Let c = -6 + 13. What is the greatest common factor of x and c?
7
Let n be 12/3 + 0 + 49. Suppose -2*r - n = -3*r. Let f = r + -5. What is the greatest common factor of 12 and f?
12
Let i(l) = 17*l - 136. Let a be i(41). What is the highest common divisor of a and 66?
33
Let k(z) = -2*z**3 + 29*z**2 - 15*z + 19. Let m be k(14). Suppose 2520 = 17*w - m*w. Calculate the highest common divisor of w and 84.
42
Let o be 150/12 - (-1)/(-2). Suppose o*p = 7*p + 440. What is the highest common factor of 11 and p?
11
Suppose 0 = 5*r + 3*l - 180, 34 + 38 = 2*r + 5*l. Let k be (1 + 0)/(-4 - (-49)/12). Calculate the highest common factor of k and r.
12
Suppose -4*a + 688 = -2*a. Suppose 0 = -5*g + a + 426. Let k = 796 + -782. What is the greatest common divisor of g and k?
14
Suppose -1 + 160 = v. Let c = v + -109. What is the highest common factor of 10 and c?
10
Let c(p) = -8*p**3 - p**2 - 7*p - 28. Let w be c(-3). Calculate the highest common factor of 70 and w.
10
Let m be 6 + (-301)/(7/(-1)). Calculate the greatest common factor of 49 and m.
49
Let b = -849 + 1208. Suppose 49 = 3*t - b. Let s = 21 - 4. What is the highest common factor of t and s?
17
Let u(z) = 73*z - 2. Let p be u(-3). Let r = p + 549. Calculate the greatest common factor of 41 and r.
41
Let n(z) = 4*z**3 - 2*z**2 - 4*z - 2. Let q be n(-1). Let f(u) = u**3 + 5*u**2 - 4*u - 27. Let t be f(q). Calculate the highest common divisor of 5 and t.
5
Let p = -2610 + 2710. Let a = -11 + 36. Calculate the highest common factor of p and a.
25
Let b be -15*(-1)/(10/(-56)). Let v be (-2)/12 + (-4886)/b. Suppose 0 = 5*j - v - 537. Calculate the greatest common factor of 17 and j.
17
Let p = -4884 - -5038. Let a = -3 - -25. What is the highest common factor of p and a?
22
Suppose d + 3*k = -20, 5*d + 5 = -0*d + 4*k. Let s be (127 - 2 - d)*2/5. Calculate the highest common divisor of s and 156.
52
Let t be ((-140)/6)/(-2 + 44/24). What is the greatest common divisor of 84 and t?
28
Suppose -1 = 3*d + 2, m - 4*d = -37. Let r = m - -56. Calculate the highest common factor of 60 and r.
15
Let h = -36 + 46. Let w(s) = -7 - 2*s - h + 10*s. Let l be w(14). What is the greatest common factor of l and 19?
19
Let h = -696 + 800. What is the greatest common factor of 104 and h?
104
Suppose 12 = j - 4*m - 0, -m = 0. Suppose -36 = -4*y - 5*y. Let b be (4*(-3)/(-8))/(2/y). What is the greatest common divisor of j and b?
3
Suppose -2*a + 20 = 5*f, -3*a + 2*a = 3*f - 11. Let v be f + 0 - (4 - 8). What is the highest common factor of v and 18?
6
Suppose 5*j = -3*c + 186, 0*c + j = 4*c - 225. Calculate the highest common factor of 1026 and c.
57
Suppose 0 = 4*q - h + 271, -3*q = 2*h + 3*h + 232. Let i = q + 105. What is the highest common factor of 12 and i?
12
Suppose 0 = 2*i + 4*p - 56, 17*p + 73 = 4*i + 12*p. Calculate the greatest common factor of i and 1034.
22
Let g be 27 + 72/32*-4. Let x(u) = 9*u. Let o be x(2). What is the highest common factor of o and g?
18
Let r(h) = -15*h**3 + 2*h**2 - 2*h - 2. Suppose 0*s - 5 = s + 3*i, 0 = 5*s - 4*i + 6. Let a be r(s). What is the greatest common factor of a and 26?
26
Let l(c) = 2*c**2 - 50*c + 508. Let i be l(17). What is the greatest common divisor of 12 and i?
4
Suppose -4*s = -3*s - 1. Let l = 23 - 12. Let b be (4 + 0)/4*l. Calculate the highest co